*d**2 - 2*d + 9. Suppose 3*a + 2*j - 7*j + 10 = 0, -2*j = 8. Suppose 0 = -z + 3, 3*z = 12*q - 8*q + 21. Let b = q - a. Calculate v(b).
-5
Let p(r) = r - 3. Let o be ((6/(-18))/1)/(1/(-1665)). Let q = o + -544. Give p(q).
8
Let o be (-14 - -12)/((-2)/3). Let y(n) = -5*n. Give y(o).
-15
Let a(b) = -b**2 - 8*b - 4. Let w = 178 + -171. Let x(d) = d**3 - 6*d**2 - 2*d - 41. Let p be x(w). Calculate a(p).
8
Let r(z) = 3026*z**2 - 3025*z**2 + 5*z - 33 + 2*z. Determine r(-11).
11
Let j(h) = -22*h + 6. Let t(w) = -123*w + 246. Let z be t(2). Give j(z).
6
Suppose 0 = -6*h + h - 2*z - 32, h = -z - 4. Let l(m) = 12*m + 332. Let i(q) = -14*q - 395. Let x(s) = -5*i(s) - 6*l(s). Determine x(h).
-1
Let u be (20/5)/(-4) + -9. Let c be 2/(-2) + 1 + 7 + u. Let z(g) be the third derivative of -g**4/24 - g**3 - 16*g**2. Determine z(c).
-3
Let o(z) = z**2 - 7*z - 2. Suppose 0 = 4*h + 7*v - 11*v - 172, 5*h = -4*v + 251. Let q(r) = -r**3 + 49*r**2 - 94*r + 8. Let c be q(h). What is o(c)?
6
Let x(u) be the third derivative of u**6/120 + 7*u**5/60 + u**4/4 - 5*u**3/6 + 1103*u**2. What is x(-7)?
-47
Let f be (8/2 - 10) + 52/8. Let m(n) be the first derivative of -8*n - 8 + f*n**2. Give m(4).
-4
Let a(h) = 37*h**2 - 9*h + 5. Let i(s) = -14*s**2 + 4*s - 2. Let b(l) = 3*a(l) + 7*i(l). Let q be 2 - 4/(-4)*-3. What is b(q)?
13
Let f(u) = 6*u + 21. Suppose -126*w + 14*w - 5*w - 41*w = 0. Calculate f(w).
21
Let g be ((-8)/((-10)/(-5)))/2 - -3. Suppose -k - 4*w - w = 0, -5*w - 10 = 0. Let s(h) = 1 - 5*h + k*h**2 + 10*h**2 + 3*h. Calculate s(g).
19
Let a(d) = d**3 + 5*d**2 + 2*d - 2. Let g(q) = -q**3 + 4*q**2 + 5*q + 2. Let v be g(5). Suppose -j + 13 = -3*j + 5*f, -3*j - 14 = -v*f. Calculate a(j).
6
Suppose 130 = a + 109. Let y(s) = -5798 + a*s - 9*s + 5802 + s**2. Give y(-12).
4
Let m(a) = 4*a**2 - 295*a + 204. Let c be m(73). Let f(j) = j**2 + 15*j + 10. Determine f(c).
10
Let a(m) = 8*m + 0*m - m + 0*m. Let k(n) = 48*n. Let q(o) = -3*o + 56. Let z be q(20). Let x(p) = z*k(p) + 27*a(p). Calculate x(-2).
6
Let a(m) = 19*m - 17. Let q(j) = -44*j + 41. Let f(l) = -7*a(l) - 3*q(l). Give f(5).
-9
Suppose -187*j + 1015 + 3847 = 0. Let m(q) = 2*q - 42. Calculate m(j).
10
Let l(m) be the third derivative of 13/60*m**5 - 13/24*m**4 + 0*m + 327*m**2 + 0 + 1/120*m**6 + 5/6*m**3. What is l(-14)?
-9
Let n(j) be the first derivative of -1/2*j**2 + 2*j - 4/3*j**3 + 52 + 1/4*j**4. Give n(4).
-2
Let y(l) = -2*l. Let n = -124 + 127. Suppose 5*r = n*i - 8, 7*r = -i + 3*r - 3. Determine y(i).
-2
Let k(n) = 50*n + 57*n + 0*n**2 - 3 - 128*n - 2*n**2 + 3*n**2. Determine k(16).
-83
Let u(w) = w**2 + 2*w - 184. Let z be u(13). Let s(k) = k**3 - 11*k**2 - 2*k + 37. What is s(z)?
15
Let g(l) be the second derivative of -3*l - 1/6*l**3 + 7/12*l**4 + 0*l**2 + 1. Let f(k) = -k**2 - 4*k - 2. Let z be f(-1). Calculate g(z).
6
Suppose -2*i = 2*h - 20, 2*i = -i - h + 28. Let z be (4 + -2)/((-3)/((-3)/2)). Let p(f) = 2 - 2*f**3 - f + 3*f + z + f**3 + 9*f**2. Calculate p(i).
21
Let p(d) = -35*d**2 - 2 + 15*d**2 - d**3 + 6*d**2 + 0*d - 17*d - 19*d. Calculate p(-3).
7
Let b(h) = -53 + 2*h - 55 + 110 - 3*h. Determine b(-4).
6
Let f(r) be the first derivative of -166 + 4*r**2 - 1/3*r**3 + 15*r. Calculate f(9).
6
Let r be (-51)/(-2)*(84/18 + -4). Let h(o) = -1 - r*o + 27*o - 14*o. Let l be h(1). Let z(u) = -u**2 - 5*u + 4. What is z(l)?
4
Suppose -s = -2, 8*s + 2 = -3*x + 3*s. Let n(v) = -2*v + 19. Calculate n(x).
27
Let h(b) be the second derivative of -b**3/3 + 882*b. Calculate h(6).
-12
Let g(z) be the third derivative of z**6/120 - 37*z**5/60 - 3*z**4/2 - 35*z**3/3 + 6*z**2 - 29. What is g(38)?
6
Let h(n) = 3*n**3 - 5*n**2 + 9*n - 7. Let s(a) = -a**3 + 20*a**2 - 73*a + 1028. Let j be s(19). Give h(j).
15
Let g be 12/54 + 24/(2160/250). Let y(k) = 0 - 7*k + 3 + 2*k. Give y(g).
-12
Let l(g) = 36*g + 1. Let t(j) = -23*j - 1. Let n = 240 + -248. Let o(y) = n*t(y) - 5*l(y). Calculate o(-3).
-9
Let r(q) = -q. Let v(k) = -1. Let w(t) = -2*r(t) - 2*v(t). Suppose 541 + 1632 = -683*p - 559. Give w(p).
-6
Let l(t) = 4*t + 42. Suppose 24 + 45 = -3*c - 5*f, 5*c + 102 = -4*f. Determine l(c).
-30
Suppose -h + c + 205 = -2*h, -5*h = -5*c + 1015. Let n = -198 - h. Let q(x) = -x**3 + 8*x**2 - 11*x - 1. Determine q(n).
5
Let a(h) = 89 - 278 + 194 + 8*h. Give a(-2).
-11
Let u(q) = -q**3 + 12*q**2 - 13*q + 27. Let f(j) = -7*j**2 - 85*j - 1. Let i be 1 + -1 - (7 + 45/9). Let w be f(i). Determine u(w).
5
Let o = -4660 + 4666. Let c(b) = 4*b - 2*b + 4 - b - 7. What is c(o)?
3
Let f(w) = w - 5. Let v(o) = -o**3 - 12*o**2 + 12*o - 11. Let i be v(-13). Let s be ((-4)/i)/(6/3). Let j be f(s). Let c(l) = -l**2 - 6*l + 6. Determine c(j).
6
Let s(x) = -1085 + 1088 - 3*x**2 - 2*x + x + 0*x**2. What is s(4)?
-49
Suppose 639 = 59*d + 344. Let p(s) be the third derivative of -3/20*s**d - 1/120*s**6 - 2*s**3 + 0 + 0*s - 3/8*s**4 - 3*s**2. Give p(-8).
-4
Let q(p) = -5*p**2 - 4*p - 7. Suppose 8*z = 6*z + 8. Let a(s) = -6*s**2 - 4*s - 9. Let j(k) = z*a(k) - 5*q(k). What is j(-3)?
-4
Let j(h) = -3*h**2 + 8*h + 34. Suppose 16*r - 52 - 9 = 19. Give j(r).
-1
Let w(l) be the third derivative of l**4/12 - 7*l**3/2 - 1992*l**2. Calculate w(4).
-13
Let q(b) = 4553*b + 9100. Let s be q(-2). Let l(o) = 4 - 1 - 2 - 5*o. Give l(s).
31
Let b(t) = t**2 - 12*t + 9. Let l = -9710 + 9728. What is b(l)?
117
Let f(n) = -16*n - 49*n**2 + 31*n**2 - 19*n**2 + 5*n + 36*n**2 + 25. What is f(-13)?
-1
Let c(g) = g**3 - g + 1. Let o(m) = -4*m**2 - m - 2. Let w(y) = y**2 - 1. Let b(x) = -o(x) - 5*w(x). Suppose 11*n - 5 = 6. Let k(h) = n*b(h) + c(h). Give k(0).
8
Let w(p) = 2*p - 3. Let j be (-5 + 3)/(5/(-75)). Let i = j + -28. Determine w(i).
1
Let m(j) = -j + 4. Let i(v) = 2 - 3*v - 9 - 2*v. Suppose 3*u - 86 = 4*l - 77, 4*l + 5*u + 17 = 0. Let r be i(l). Determine m(r).
-4
Let o(a) = -a**3 - 15*a**2 - 10*a + 52. Let m be o(-14). Let y(u) = u**3 + 4*u**2 - 6*u - 28. Determine y(m).
-4
Let j(x) = 8*x - 11. Suppose -u = -5*g + 13, 5*u - 25*g = -28*g + 19. What is j(u)?
5
Suppose -4*c - 18 = -2*h, 0*h - 6 = -c - 3*h. Let x(w) = 102*w - 3*w**2 - 135*w + 38*w + 5*w**2 - 1 + 1. Calculate x(c).
3
Let n be (0 - -4)*(-22 - -23). Let m(v) = -v - n - 4 + 8 + 11. Calculate m(0).
11
Let n(v) be the second derivative of 0 + 1/6*v**3 + 1/12*v**4 + 18*v + 0*v**2 - 3/5*v**5. Calculate n(-1).
12
Let v(k) = k**2 - k - 27. Let j be v(6). Let n(q) be the second derivative of -1/6*q**j + 18*q + 4*q**2 + 0. Determine n(4).
4
Let d(p) = -6*p**2 - 2*p**3 + 33 - 31 + 3*p**3 - 8*p. Let m be (-423)/(-60) + (-120)/2400. Determine d(m).
-5
Let y(d) be the third derivative of d**5/60 - d**4/2 + 13*d**3/6 - d**2. Let r(u) = 10*u - 36. Let m be r(4). Let x be (1 - -3)*10/m. What is y(x)?
-7
Let b = 11472 - 11469. Let p(t) be the second derivative of -t**3/6 + t**2/2 - t. Give p(b).
-2
Let d(b) = -5*b + 35. Let r(z) = 20*z - 151. Let w(i) = 9*d(i) + 2*r(i). What is w(13)?
-52
Suppose 60*z - 68 = 52. Let a(n) = -3*n**z + 2*n**2 - 395*n**3 + 1 + 396*n**3. Give a(-1).
-1
Let m = 57 - 12. Let y = m - 43. Let s(j) = 3 - 5 + 3 + j**2. What is s(y)?
5
Let i(k) be the third derivative of 0 + 0*k - 4/3*k**3 + 1/24*k**4 + 59*k**2 - 1/60*k**5. Give i(0).
-8
Let d(h) = -h**3 + 8*h + 6. Let j be d(-4). Let r = j + -33. Let l(p) = 5 - p**2 + 15*p - 6*p - 4 - r*p. Determine l(6).
-11
Let k(s) = s**2 - 6*s + 6. Let f be k(4). Let b(a) be the second derivative of -54*a - 1/3*a**3 + 1/20*a**5 + 1/12*a**4 + 0 - 3/2*a**2. Give b(f).
-3
Let s be (-2 - 4*-1)/(200/1300). Let u(c) = c**2 - 11*c - 30. Give u(s).
-4
Let n = -155 - -157. Let l(j) be the first derivative of -3*j**2/2 - 2*j - 14. Give l(n).
-8
Suppose 4*t = -0 - 4. Let u(h) = 17*h - 17*h**2 + 13 + 16*h**2 - 5 - 2. Let l(m) = m**2 - 3*m - 1. Let f(k) = -6*l(k) - u(k). Give f(t).
-6
Let l(f) = -3*f + 1. Let v(b) = -b. Let g(j) = 4*l(j) - 11*v(j). Suppose -18 = -3*n + 6. What is g(n)?
-4
Let q(w) = -2*w**3 - w**2 + w - 1. Suppose 23*p = 20*p + 6. Let v be (-11)/((-44)/24) - p. Let b = -2 + v. What is q(b)?
-19
Let n(k) = k**2 + 23*k - 8. Let z be n(-24). Suppose -2*q + 26 = 3*f, 3*q + 3*f + z = 7*q. Let y(u) = 1 + 4*u**2 + u**3 + 0 + 2*u - q*u**2. Determine y(2).
1
Suppose 2*y = 2*u + 10, -3*y + 25 = y + u. Let j(i) = 4*i**2 - 17*i - 42. Calculate j(y).
0
Let h(v) = -v**2 